 = 3*j - 37, -2*t - 2*t = -2*j + h. Calculate the remainder when g is divided by j.
10
Let a(i) = 2*i**2 - 7*i - 7. Let f be a(-1). Suppose -5*j + f*g + 25 = 0, -6*g = 3*j - 8*g - 19. Calculate the remainder when 89 is divided by j.
2
Let s(v) = -70*v**3 + 2 + 7*v**2 + 9 + 10*v + 71*v**3 + 13. Let r be s(-6). What is the remainder when 42 is divided by (-1)/(3/(-21) + r) - -4?
9
Suppose 15 + 4530 = 9*r. Let g = r + -478. Calculate the remainder when 128 is divided by g.
20
Suppose -3*u = -9, 215 = 4*p - 53*u + 50*u. What is the remainder when 6100 is divided by p?
52
Suppose 0 = 2442*p - 2457*p + 180. Calculate the remainder when 324 is divided by p.
0
Let d = 25 + -5. Let p(m) = -5*m - 27. Let g(s) = 7*s + 84. Let t be g(-15). What is the remainder when p(t) is divided by d?
18
Suppose -6*n = -10*n + 404. Suppose 0 = 103*v - n*v - 762. Calculate the remainder when v is divided by 6.
3
Let n(x) = 5*x - 34. Let c be n(12). Calculate the remainder when 1/((-10)/10 + 28/c) is divided by 9 + 2/((3 + -2)*-2).
5
Suppose -183*h + 45542 = -116118 + 20933. Calculate the remainder when h is divided by 249.
22
Let r = 1 - -3. Let i = 232 - 230. Calculate the remainder when 26 - 7 - (-4 - i) - -5 is divided by r.
2
Suppose -9*c + 19*c = 700. Suppose 0 = -573*r + 568*r + c. What is the remainder when 725 is divided by r?
11
Suppose 321*w - 1854 = 771 + 1227. What is the remainder when 212 is divided by w?
8
Suppose 0 = -h - 10*h + 1474. Suppose 4*w + 244 = 5*y + 78, -4*y + 2*w = -h. Calculate the remainder when 99 is divided by y.
31
Let g = 826 + -824. Let y(w) = 62*w - 4. What is the remainder when y(g) is divided by 18?
12
Suppose 46804*b - 46808*b = -280. What is the remainder when 200 is divided by b?
60
Let w(i) = i**2 + 3. What is the remainder when (14418/108)/((-3)/(-2)) is divided by w(-4)?
13
Let b(a) = 8*a - 2. Let r be (-1)/4 + (-20)/(-16). Let i be b(r). Suppose 3*p = 5*w + 77, w - i + 29 = p. What is the remainder when 67 is divided by p?
10
Let b(o) = o**2 - 6*o - 14. Let s(f) = -f. Let a(q) = b(q) - 4*s(q). Let c(y) = -y + 2. Let d be c(-4). What is the remainder when a(d) is divided by 8?
2
Suppose 13*j - 8*j - 67 = -g, 4*g + 2*j - 340 = 0. Calculate the remainder when 137 is divided by g.
50
Let v be -50*(10 + 714/(-70)). Suppose 0 = 2*l - 3*u - 42, u + 0*u = 2*l - 38. What is the remainder when 19 is divided by l/v*(-60)/(-9)?
7
Let x = -6543 + 6998. Calculate the remainder when x is divided by 79.
60
Let l = -427 + 463. Let y = -43 - -55. What is the remainder when 6/9 - (-1228)/y is divided by l?
31
Suppose -41*m + 3262 = -3011. Suppose 200*s = 183*s + m. What is the remainder when (-2)/6 - 590/(-6) is divided by s?
8
Suppose 0 = -16*g + 19*g - 1704. Suppose -g = -18*z - 100. Calculate the remainder when 935 is divided by z.
25
Let b(v) = -2*v + 6. Let g be 1*(-4 + 4) - -40. Let m be (1/2)/((-10)/g). Calculate the remainder when 69 is divided by b(m).
9
Let v = -616 + 6888. What is the remainder when v is divided by 51?
50
Suppose -21*h + 32*h - 17248 = 0. Suppose 14*y + h = 28*y. Calculate the remainder when y is divided by 39.
34
Suppose 0*f + 1312 = 22*f + 498. Calculate the remainder when f is divided by 23.
14
Let b(h) = -271*h + 3870. Calculate the remainder when 2047 is divided by b(14).
71
Let t = -9 + 14. Let j(l) = 1 + 5*l + 8 - 13 + t*l. Calculate the remainder when j(2) is divided by 6.
4
Let f(x) = -4*x**2 + 453*x - 93. Calculate the remainder when 476 is divided by f(113).
16
Let n(t) = t**2 - 17*t - 139. Let o be (42 - 37) + (2 - -19) + -2. Let p = -23 - -41. Calculate the remainder when n(o) is divided by p.
11
Suppose 33075 + 12527 = 86*x + 2258. Calculate the remainder when x is divided by 33.
9
Let l(v) = 14*v**2 - 17*v - 92. Let m be 92/(-22) + (-4)/(-22). Calculate the remainder when l(m) is divided by 45.
20
Let j be (-33 + 40 + 13*-2)*1. Let o(n) = -n**2 - 18*n + 28. Suppose 0 = l + 3*b - 9 - 11, -l = b - 10. Calculate the remainder when o(j) is divided by l.
4
Suppose -4*y = x + 22, 9 = -13*x + 18*x + 3*y. Calculate the remainder when 1850 is divided by x.
2
Suppose -7*g = -47 - 93. Let u = -143 - -149. Suppose -3*a = -6, -j - 2*a + u = -5. Calculate the remainder when g is divided by j.
6
Let q(r) = 21*r**3 - r**2 + 4*r - 13. Let w be q(3). Suppose -143 - w = -u - 4*g, -3*g = 3*u - 2091. What is the remainder when u is divided by 17?
16
Suppose 104*z = 39*z + 7735. What is the remainder when 480 is divided by z?
4
Let y = 749 + -374. Let s = -368 + y. What is the remainder when 208 is divided by s?
5
Suppose 75*f = -3915 + 31290. What is the remainder when f is divided by 7?
1
Suppose 3*q + 3*f - 294 = 0, 33 = -q - 5*f + 131. Suppose o - 256 = -q. Calculate the remainder when o is divided by 19.
6
Let k = -348 + 384. What is the remainder when (-10 + 524/12)*3/1 is divided by k?
29
Suppose -1524*q + 1525*q = 25. Suppose -4*t - m - 285 + 1033 = 0, -3*t + 538 = -5*m. What is the remainder when t is divided by q?
11
Suppose 5*p - 15 = -0*p. Let g = -128 + 171. Calculate the remainder when g is divided by (9/p)/(3/9).
7
Let r be (335/20)/(4/(-16)). Let p(j) = 16*j - 8. Let c be p(8). Let m = c + r. What is the remainder when m is divided by 8?
5
What is the remainder when 2923 is divided by (-6)/(-4)*(2 + (-166)/(-3))?
85
Let g(x) = -4*x**2 - 17*x + 3. Let l be g(-25). Let i(c) = c**3 - 3*c**2 + 2. Let w be i(3). What is the remainder when l/(-32) + w/8 is divided by 17?
14
Let q = -7847 - -8054. Calculate the remainder when q is divided by 55.
42
Let t(g) = -9*g - 19. Let b be t(-6). Let l be 10/b*-1 - 1074/14. Let n = l + 133. What is the remainder when 111 is divided by n?
55
Let v(m) = 18*m + 144. Let a be v(-8). Suppose a = s + 4*y - 26, 2*y - 16 = 9*s - 10*s. What is the remainder when 33 is divided by s?
3
Let o = 13868 - 13855. What is the remainder when 1/(959/479 + -2) is divided by o?
11
Suppose 19*d - d - 1800 = 0. Let y = d - 70. What is the remainder when 299 is divided by y?
29
Suppose 4*d + 0*u - 5*u = 791, -2*u - 6 = 0. What is the remainder when d is divided by 37?
9
Let j = -134 - 271. Let v = j - -472. What is the remainder when 243 is divided by v?
42
Suppose 36*r + 73*r = 209934. What is the remainder when r is divided by 14?
8
Suppose 176 = 2*t - t + y, 2*y - 871 = -5*t. Calculate the remainder when t is divided by (-17340)/(-425) - -3*(-4)/(-60).
9
Suppose -2*x + 26 = -3*p, -4*x + 3*p + 28 + 24 = 0. Suppose -21*t = -13*t - 888. Suppose 0 = -113*m + t*m + 150. Calculate the remainder when m is divided by x.
10
Let f(k) = -3*k**3 + 15*k**2 - 4*k + 10. Calculate the remainder when f(-8) is divided by 10.
8
Suppose k - 328 = -3*s, -5*k + 3*s + 1640 = 2*s. Calculate the remainder when k is divided by 114.
100
What is the remainder when 2173 is divided by (6/12)/(5*(-10)/(-1700))?
14
What is the remainder when 2348 is divided by 6 - (11/((39/(-636))/13) - -1)?
11
Calculate the remainder when 2441 is divided by (-2)/(-25) - (-14 + (14 - (-27622)/(-350))).
71
Let p(v) = v**3 - 20*v**2 - 10*v + 1045. Let u(m) = -m**3 + 8*m**2 + 5*m + 1. Calculate the remainder when u(6) is divided by p(17).
7
Suppose 11*b = -3*b - 42. Let n be ((b/(-6))/1*92)/2. Suppose 0 = 4*k - 3*k - n. What is the remainder when k is divided by 9?
5
Suppose 7039 - 2301 = 206*w. Calculate the remainder when w is divided by 3.
2
Suppose -268 = -4*o - 3*z, -4*o - 5*z = -10*z - 300. Suppose 85 = 5*i + f, 0 = i + 4*f + 2. Calculate the remainder when o is divided by i.
16
Suppose 0 = 3*g - 14 + 2. Suppose 3*m = 4*u + 9, -2*m + 2*u + g = -0*u. What is the remainder when 21 is divided by -3 + (6 - m) + 8?
9
Let d(q) = 4*q - 85. Let f be d(20). What is the remainder when (-48)/f - 6/(-15) is divided by 4?
2
Suppose 5*j = -2*l + 341, 0 = -5*l - j + 4*j + 806. What is the remainder when l is divided by 83?
80
What is the remainder when (7/(-14))/((-14)/1288) is divided by 33?
13
Suppose -20*i + 2216 = 1001 - 4445. What is the remainder when i is divided by 57?
55
Suppose 28 = -18*p + 20*p. Let v be 1 + 32/14 + p/(-49). Suppose -5*u - 8 = v*x, 4*u + 12 = -2*x - u. Calculate the remainder when 19 is divided by x.
3
Calculate the remainder when -10 + (-143954)/(-1670) + -1*(-2)/(-10) is divided by 28 - ((3 - 2) + -2).
18
Let w(s) = s + 4